729?
149
What is the remainder when 123637 is divided by 654?
31
What is the remainder when 85869 is divided by 11?
3
Calculate the remainder when 1219 is divided by 605.
9
What is the remainder when 26997 is divided by 450?
447
Calculate the remainder when 10373 is divided by 746.
675
Calculate the remainder when 125068 is divided by 857.
803
Calculate the remainder when 3274044 is divided by 21.
18
What is the remainder when 2029 is divided by 553?
370
Calculate the remainder when 1678 is divided by 863.
815
What is the remainder when 116888 is divided by 219?
161
Calculate the remainder when 16804 is divided by 22.
18
Calculate the remainder when 6261 is divided by 232.
229
Calculate the remainder when 1194920 is divided by 42.
20
What is the remainder when 48428 is divided by 208?
172
Calculate the remainder when 29764 is divided by 488.
484
Calculate the remainder when 24980 is divided by 2269.
21
Calculate the remainder when 29349 is divided by 29315.
34
What is the remainder when 3903 is divided by 851?
499
Calculate the remainder when 80477 is divided by 41.
35
Calculate the remainder when 1581 is divided by 1409.
172
What is the remainder when 457 is divided by 76?
1
Calculate the remainder when 10834 is divided by 82.
10
What is the remainder when 1899 is divided by 106?
97
Calculate the remainder when 28131 is divided by 85.
81
What is the remainder when 14688 is divided by 4885?
33
Calculate the remainder when 815209 is divided by 49.
45
Calculate the remainder when 150764 is divided by 75359.
46
What is the remainder when 17813 is divided by 2?
1
Calculate the remainder when 43692 is divided by 1990.
1902
Calculate the remainder when 15857 is divided by 268.
45
What is the remainder when 912 is divided by 60?
12
What is the remainder when 39468 is divided by 7?
2
What is the remainder when 14634 is divided by 70?
4
Calculate the remainder when 9441 is divided by 13.
3
What is the remainder when 2442 is divided by 240?
42
What is the remainder when 21608 is divided by 110?
48
Calculate the remainder when 10144 is divided by 145.
139
Calculate the remainder when 3236954 is divided by 31.
27
Calculate the remainder when 564 is divided by 464.
100
What is the remainder when 5157 is divided by 139?
14
What is the remainder when 5658 is divided by 929?
84
What is the remainder when 7602 is divided by 346?
336
What is the remainder when 5969 is divided by 219?
56
Calculate the remainder when 14823 is divided by 4926.
45
Calculate the remainder when 942067 is divided by 368.
355
Calculate the remainder when 40533 is divided by 66.
9
Calculate the remainder when 67980 is divided by 31.
28
What is the remainder when 53158 is divided by 87?
1
Calculate the remainder when 14524 is divided by 119.
6
What is the remainder when 38728 is divided by 1209?
40
Calculate the remainder when 1093 is divided by 61.
56
What is the remainder when 2350 is divided by 38?
32
What is the remainder when 122456 is divided by 24490?
6
What is the remainder when 50573 is divided by 816?
797
What is the remainder when 4442 is divided by 632?
18
What is the remainder when 1241 is divided by 727?
514
What is the remainder when 134754 is divided by 161?
158
Calculate the remainder when 5297 is divided by 882.
5
What is the remainder when 4817 is divided by 105?
92
Calculate the remainder when 1386550 is divided by 7.
4
What is the remainder when 582 is divided by 68?
38
What is the remainder when 210460 is divided by 132?
52
What is the remainder when 9353 is divided by 283?
14
What is the remainder when 5301 is divided by 42?
9
What is the remainder when 3230 is divided by 1594?
42
What is the remainder when 346 is divided by 9?
4
Calculate the remainder when 137232 is divided by 22.
18
What is the remainder when 26430 is divided by 13012?
406
Calculate the remainder when 140995 is divided by 442.
439
What is the remainder when 33324 is divided by 30?
24
Calculate the remainder when 5788 is divided by 215.
198
Calculate the remainder when 49766 is divided by 21.
17
Calculate the remainder when 108158 is divided by 6360.
38
What is the remainder when 1851 is divided by 1427?
424
Calculate the remainder when 75475 is divided by 94.
87
Calculate the remainder when 202 is divided by 108.
94
What is the remainder when 7724 is divided by 172?
156
What is the remainder when 173313 is divided by 26?
23
What is the remainder when 36251 is divided by 30?
11
Calculate the remainder when 2184 is divided by 1517.
667
What is the remainder when 2406 is divided by 245?
201
Calculate the remainder when 1278 is divided by 569.
140
Calculate the remainder when 14391 is divided by 1586.
117
What is the remainder when 180153 is divided by 499?
14
Calculate the remainder when 810 is divided by 206.
192
What is the remainder when 14891 is divided by 1062?
23
What is the remainder when 264273 is divided by 775?
773
Calculate the remainder when 659 is divided by 119.
64
Calculate the remainder when 3574 is divided by 861.
130
What is the remainder when 49797 is divided by 120?
117
Calculate the remainder when 835 is divided by 101.
27
What is the remainder when 3764538 is divided by 1103?
1102
What is the remainder when 98965 is divided by 505?
490
What is the remainder when 1799 is divided by 1442?
357
Calculate the remainder when 975 is divided by 875.
100
What is the remainder when 8244 is divided by 3852?
540
What is the remainder when 591 is divided by 74?
73
Calculate the remainder when 6981 is divided by 174.
21
What is the remainder when 86579 is divided by 414?
53
Calculate the remainder when 890 is divided by 209.
54
Calculate the remainder when 187587 is divided by 613.
9
What is the remainder when 2327 is divided by 97?
96
What is the remainder when 8994 is divided by 460?
254
What is the remainder when 5750 is divided by 30?
20
Calculate the remainder when 1047 is divided by 11.
2
What is the remainder when 582976 is divided by 466?
10
Calculate the remainder when 956005 is divided by 54.
43
What is the remainder when 87137 is divided by 830?
817
What is the remainder when 3454 is divided by 862?
6
Calculate the remainder when 281 is divided by 213.
68
What is the remainder when 83376 is divided by 725?
1
Calculate the remainder when 48118 is divided by 16039.
1
Calculate the remainder when 3568 is divided by 701.
63
Calculate the remainder when 7824 is divided by 27.
21
Calculate the remainder when 48158 is divided by 48126.
32
Calculate the remainder when 3003 is divided by 290.
103
Calculate the remainder when 13501 is divided by 2507.
966
What is the remainder when 6813 is divided by 613?
70
Calculate the remainder when 107238 is divided by 21440.
38
Calculate the remainder when 2413 is divided by 745.
178
What is the remainder when 579 is divided by 145?
144
What is the remainder when 158679 is divided by 20?
19
What is the remainder when 1263 is divided by 40?
23
What is the remainder when 1076 is divided by 1059?
17
What is the remainder when 68015 is divided by 62?
1
What is the remainder when 82312 is divided by 52?
48
What is the remainder when 9215 is divided by 50?
15
What is the remainder when 20112 is divided by 47?
43
Calculate the remainder when 2545 is divided by 12.
1
Calculate the remainder when 11483 is divided by 718.
713
What is the remainder when 1772 is divided by 147?
8
Calculate the remainder when 520299 is divided by 86.
85
What is the remainder when 357027 is divided by 707?
699
Calculate the remainder when 8698 is divided by 1124.
830
What is the remainder when 627113 is divided by 57?
56
Calculate the remainder when 6412 is divided by 2137.
1
What is the remainder when 912721 is divided by 51?
25
What is the remainder when 19351 is divided by 176?
167
Calculate the remainder when 7334 is divided by 2441.
11
What is the remainder when 10288 is divided by 789?
31
Calculate the remainder when 806 is divided by 263.
17
Calculate the remainder when 4079 is divided by 433.
182
What is the remainder when 593237 is divided by 4823?
8
What is the remainder when 1529 is divided by 648?
233
What is the remainder when 396640 is divided by 787?
779
What is the remainder when 21572 is divided by 7190?
2
Calculate the remainder when 3721 is divided by 3663.